3
Suppose -12918 = -3*p + 4*g, 0 = 3*p - 32*g + 30*g - 12906. List the prime factors of p.
2, 7, 307
Let p(o) = 44*o**2 + 23*o - 4 + o - 20*o. What are the prime factors of p(-3)?
2, 5, 19
List the prime factors of (204/(-9) + 0)*(-3912)/32.
17, 163
Let k(s) = -20*s**3 + 6*s**2 + 16*s + 2. Let v(y) = -y**3 + 15*y**2 + 2*y - 33. Let g be v(15). List the prime factors of k(g).
2, 137
Suppose 4413 = 4*c + 1461. What are the prime factors of (c/(-7))/((-109)/(-14) + -8)?
2, 3, 41
Let h(v) = -2*v**2 - 53*v - 36. Let s be ((-8)/(-8))/(3/(-51)). What are the prime factors of h(s)?
7, 41
Suppose 202*r - 408 = 194*r. Let b(a) = a**2 + 11*a + 2. Let u be b(-7). Let w = r + u. What are the prime factors of w?
5
Suppose 0 = 5*q + 5*o - 25, 4*q - 3*o = -5*o + 16. Suppose -a = 4, 0 = -2*u + q*a + 257 + 7. List the prime factors of u.
2, 3, 7
Let y = 689 - -3429. List the prime factors of y.
2, 29, 71
Let x = 33 + -42. List the prime factors of (x/(-15))/3 + 5159/5.
2, 3, 43
Let w = 13431 + -6743. List the prime factors of w.
2, 11, 19
Suppose 9508 = -45*d + 124978. List the prime factors of d.
2, 1283
Let a = 172 - 167. What are the prime factors of -3 - -376 - 25/a?
2, 23
Let t(j) = 1748*j**2 - 409*j + 1218. What are the prime factors of t(3)?
3, 1747
Let i(c) = -394*c - 1189. What are the prime factors of i(-15)?
4721
Suppose -x - 12297 = -2*v, 5*v + 11*x - 30710 = 7*x. What are the prime factors of v?
2, 7, 439
Let t be ((-42)/28)/(2 + 458/(-232)). Let d = 79 + t. Suppose d*a - 12 = 18*a. List the prime factors of a.
2
Let u(b) = 20 - 18 + 18 + 27 - b**2 + b**3 - 15*b. What are the prime factors of u(9)?
2, 5, 7
Let z be (-193)/(-2) + (-1)/2. Suppose 0 = -1289*j + 1283*j - 456. Let f = z + j. List the prime factors of f.
2, 5
Suppose 2 = 9*q + 20. Let g be (-4206)/(-60) - q/(-20). Let j = 41 + g. List the prime factors of j.
3, 37
Let b = -37 + 40. Suppose -19*c - b = -20*c. List the prime factors of 1/((9/93)/c).
31
Let u(m) = 17*m - 44. Suppose 40*r - 20*r = 80. List the prime factors of u(r).
2, 3
Let r = 31847 - 8802. What are the prime factors of r?
5, 11, 419
Let g be 16*(-64)/24*-342. Suppose -t - g = -17*t. List the prime factors of t.
2, 3, 19
Let i = 518 + -292. Let h = 121 - 119. Suppose h*u = -v - v + i, 5*v = 15. What are the prime factors of u?
2, 5, 11
Suppose 4*g - 495 = 3*c, 0*g + 4*g - 497 = 5*c. Let s be 7*g/9 - (-1)/3. Let z = -62 + s. What are the prime factors of z?
2, 17
Let d be (-1 - -91)*(-7425)/66. What are the prime factors of (-12)/(-9)*(d/(-18) - -3)?
2, 13, 29
Let o(f) = -f**3 + 58 - 148*f**2 - 13 + 4 + 19 + 182*f**2 + 70*f. List the prime factors of o(35).
3, 431
Let z = -536 - -538. Suppose -s = -z*t + 3499, 13*t - 8*t = 5*s + 8735. List the prime factors of t.
2, 3, 73
Suppose -2*r + r + 12 = 0. Let n(m) = r - 15*m - 30 + 10 + 10. What are the prime factors of n(-7)?
107
Suppose -103301 + 383434 = 49*p. List the prime factors of p.
5717
Let g(m) = m**3 + 33*m**2 + 8*m + 288. What are the prime factors of g(-26)?
2, 3, 401
Let l(x) = 2*x**2 - 11*x + 6. Let s be l(8). Let g = s + -36. Let w = g - -23. What are the prime factors of w?
3, 11
Let h(g) = 13*g**2 + g - 2. Suppose 30*t - 26*t = -120. Let v be (192/t + 4/10)/2. List the prime factors of h(v).
2, 7
Let s = -4 + 6. Suppose b - 33 = 2*k + s*k, 0 = -4*b - k + 98. Suppose b*h - 23*h = 26. What are the prime factors of h?
13
Let s(i) = 25*i**2 + i + 4. Let m be s(-2). Suppose -3*w - m = -4*w. Suppose -n = -5*c - w, n + 2*c = -c + 94. List the prime factors of n.
97
Let g be 0 - 2 - (-4 - (2 + -1350)). Let y = g + 2257. List the prime factors of y.
911
Let d = 2228 - 1303. Let k be (d - -1)/(4/(-2)). Let a = 652 + k. What are the prime factors of a?
3, 7
Suppose -312733 = -37*z + 102666. List the prime factors of z.
103, 109
Let z = -2911 + 4324. List the prime factors of z/(-6)*70/(-21).
5, 157
Suppose 4*n = 2*q + 4, -6*q + 6 = -3*q. Suppose -3*a + n*o = -3274, 7*o - 3*o = 4. List the prime factors of a.
2, 3, 7, 13
Suppose 3*g + 5*x - 660 = 4*x, -206 = -g - 5*x. Suppose 4*h + 480 = a - 5*a, -20 = -4*h. Let s = a + g. What are the prime factors of s?
2, 3
Let u(l) = -3*l - 6. Let w be u(-3). Suppose 2*b = c - 450, b - 1525 = -w*c - 147. Let j = -302 + c. List the prime factors of j.
2, 3, 13
Let w = 71 - 67. Suppose 4*j + 14*h = 10*h + 1928, -5*h + 1932 = w*j. What are the prime factors of j?
2, 239
Let s = -425 + 417. List the prime factors of (-125 + 1 + 0)*54/s.
3, 31
Suppose 3*n = 5*o + 1 - 14, 0 = -2*o - 5*n - 1. Suppose -3*q = o*h - 702, -4*h + 4*q = 2*q - 1388. What are the prime factors of h?
2, 3, 29
Suppose 2*h - 10218 = 40994. What are the prime factors of h?
2, 7, 31, 59
Let c(o) = -71*o**3 - 3*o**2 + 156*o + 994. What are the prime factors of c(-6)?
2, 7643
Let z(s) be the first derivative of -3*s + 17 + 1/3*s**3 - 17/2*s**2. What are the prime factors of z(-5)?
107
Let o(p) = 337*p**2 - 109*p - 331. What are the prime factors of o(-3)?
13, 233
Suppose 8*i = -5*i + 468. Suppose 2*x - 69 = -5*k, i = -3*k + 5*k + 5*x. Let w(l) = l**2 + 6*l - 28. List the prime factors of w(k).
3, 73
Let n(l) = -968*l + 1660. What are the prime factors of n(-5)?
2, 5, 13
List the prime factors of (-285893)/(-8) + 411/1096.
13, 2749
Suppose 0 = 4*t + f - 84, 0 = 3*t - f - f - 74. Suppose s - x - t = 0, 86 = 4*s + 2*x - 7*x. Suppose 27*g - s*g - 315 = 0. What are the prime factors of g?
3, 5, 7
Suppose -4*b + 3100 = -5*x, 3*b - 3*x + 5*x = 2325. Let l = b + -546. What are the prime factors of l?
229
Suppose 4*c = 9*c - 20. Suppose c*b - v = 53, -v = -3*b + 2*b + 17. Suppose -b*f + 233 = -475. What are the prime factors of f?
59
Let i be ((-168)/(-32))/((-3)/(-104)). Suppose -5*q - i = -12*q. Suppose -309 = q*b - 29*b. What are the prime factors of b?
103
Let n be -1 + -2 + (5 - -18). Suppose -18*v - 2 = -n*v. List the prime factors of v*3/6 - 404/(-8).
3, 17
Let s = -83 - -74. What are the prime factors of 42/((-5)/(s*5)*1)?
2, 3, 7
Let d(f) = f**3 - 22*f**2 + 22*f - 21. Let h be d(21). Suppose 4*j + n = -n - 386, 4*n + 4 = h. Let t = -21 - j. List the prime factors of t.
3, 5
Let u(v) = -v**3 - 49*v**2 + 27*v - 86. List the prime factors of u(-51).
3739
Let a be -1840 + (6/(-27) - (-10)/45). Let j be 5 - (a + (-6)/(-2)). What are the prime factors of j/(-8)*(-68)/51?
307
Let x(f) = 29 - 18*f + 6*f**2 - 53 - 7*f + 21. What are the prime factors of x(-4)?
193
Let u = -219934 + 345132. List the prime factors of u/(-177)*6/(-4).
1061
Let r = -282 + 821. List the prime factors of (-2 + 1)/1 + r/7.
2, 19
Suppose i - 36*i - 4235 = 0. Suppose 6*l = l + 880. Let u = i + l. What are the prime factors of u?
5, 11
List the prime factors of ((-253925)/350)/((-3)/234).
3, 13, 1451
Let i = 1746 + -3740. Let c = i - -2803. What are the prime factors of c?
809
Let o(d) = 2*d**3 - 33*d**2 + 257*d - 62. List the prime factors of o(25).
2, 31, 137
Let g(f) = -6*f - 12. Let m be g(-2). Suppose m = h - 5*h + 12. Suppose -5*t + 226 = -3*t + n, 5*t - h*n - 587 = 0. What are the prime factors of t?
5, 23
Let y = 2 + 1. List the prime factors of (3819/(-9))/(-1) + (-1)/y.
2, 53
Let m be -3*(5 - (-2992)/(-12)). Suppose -6333 = -7*c - m. What are the prime factors of c?
2, 5
Let b(g) be the third derivative of -g**4/4 + 3*g**3/2 - g**2. Let w be b(-5). Suppose -5*s - q + w = -4*s, 0 = -2*q + 8. What are the prime factors of s?
5, 7
What are the prime factors of (-2605)/(-521)*(-19532)/(-5)?
2, 19, 257
Let q(y) = 13*y**3 - 2*y**2 - 5*y - 92. What are the prime factors of q(13)?
2, 14033
Suppose -17*g - 21738 = -154457 - 55199. What are the prime factors of g?
2, 5527
Let p = 277 + -104. What are the prime factors of p/((21/12)/7*2)?
2, 173
Let m be (-66)/15*(-5420)/2 - -4. List the prime factors of m/24 - (-1 + 2).
2, 31
Let f = -9410 + 9822. What are the prime factors of f?
2, 103
Let p be 9980/(-26) - 18/117. List the prime factors of 1/(-4) + (-648288)/p.
2, 211
Suppose 53*g - 69*g = -272. Suppose 0 = -g*t + 13*t + 1664. List the prime factors of t.
2, 13
Let q be (-5)/1*(-138)/115. Let k(r) = 3 + 0*r**3 - 4*r**3 - 4*r**2 + 3*r**3 - q*r. List the prime factors of k(-3).
2, 3
Let l = 46067 + -29560. List the prime factors of l.
17, 971
Let j(g) = g**2 - 4*g - 17. Let z be j(-3). Suppose 3*m - 2*t -